{"id":341,"date":"2026-02-23T13:37:10","date_gmt":"2026-02-23T12:37:10","guid":{"rendered":"https:\/\/inaki.depimtajamar.es\/?post_type=product&#038;p=341"},"modified":"2026-02-23T13:37:10","modified_gmt":"2026-02-23T12:37:10","slug":"vino-comportillo","status":"publish","type":"product","link":"https:\/\/inaki.depimtajamar.es\/index.php\/producto\/vino-comportillo\/","title":{"rendered":"Vino Comportillo"},"content":{"rendered":"<p data-start=\"0\" data-end=\"185\"><em>COMPORTILLO<\/em> es la versi\u00f3n m\u00e1s amable y fresca de <strong data-start=\"53\" data-end=\"74\" data-is-only-node=\"\">Bodegas Iribarren<\/strong>. De color rojo rub\u00ed brillante, ofrece aromas delicados de frutos rojos frescos con ligeros matices florales.<\/p>\n<p data-start=\"187\" data-end=\"452\" data-is-last-node=\"\" data-is-only-node=\"\">En boca es suave, ligero y equilibrado, con taninos redondos y un paso agradable que lo hace especialmente f\u00e1cil de disfrutar. Un vino vers\u00e1til y cercano, perfecto para acompa\u00f1ar tapas, pastas o reuniones informales donde lo importante es compartir buenos momentos.<\/p>\n","protected":false},"excerpt":{"rendered":"<p>COMPORTILLO es la versi\u00f3n m\u00e1s amable y fresca de Bodegas Iribarren. De color rojo rub\u00ed brillante, ofrece aromas delicados de frutos rojos frescos con ligeros matices florales. En boca es suave, ligero y equilibrado, con taninos redondos y un paso agradable que lo hace especialmente f\u00e1cil de disfrutar. Un vino vers\u00e1til y cercano, perfecto para acompa\u00f1ar tapas, pastas o reuniones informales donde lo importante es compartir buenos momentos.<\/p>\n","protected":false},"featured_media":342,"comment_status":"open","ping_status":"closed","template":"","meta":{"zakra_page_container_layout":"customizer","zakra_page_sidebar_layout":"customizer","zakra_remove_content_margin":false,"zakra_sidebar":"customizer","zakra_transparent_header":"customizer","zakra_logo":0,"zakra_main_header_style":"default","zakra_menu_item_color":"","zakra_menu_item_hover_color":"","zakra_menu_item_active_color":"","zakra_menu_active_style":"","zakra_page_header":true},"product_brand":[29],"product_cat":[25],"product_tag":[28],"class_list":{"0":"post-341","1":"product","2":"type-product","3":"status-publish","4":"has-post-thumbnail","6":"product_brand-comportillo","7":"product_cat-rioja","8":"product_tag-rioja","10":"first","11":"instock","12":"shipping-taxable","13":"purchasable","14":"product-type-simple"},"yoast_head":"<!-- This site is optimized with the Yoast SEO plugin v27.4 - https:\/\/yoast.com\/product\/yoast-seo-wordpress\/ -->\n<title>Vino Comportillo - Bodegas Iribarren<\/title>\n<meta name=\"robots\" content=\"index, follow, max-snippet:-1, max-image-preview:large, max-video-preview:-1\" \/>\n<link rel=\"canonical\" href=\"https:\/\/inaki.depimtajamar.es\/index.php\/producto\/vino-comportillo\/\" \/>\n<meta property=\"og:locale\" content=\"es_ES\" \/>\n<meta property=\"og:type\" content=\"article\" \/>\n<meta property=\"og:title\" content=\"Vino Comportillo - Bodegas Iribarren\" \/>\n<meta property=\"og:description\" content=\"COMPORTILLO es la versi\u00f3n m\u00e1s amable y fresca de Bodegas Iribarren. De color rojo rub\u00ed brillante, ofrece aromas delicados de frutos rojos frescos con ligeros matices florales. En boca es suave, ligero y equilibrado, con taninos redondos y un paso agradable que lo hace especialmente f\u00e1cil de disfrutar. Un vino vers\u00e1til y cercano, perfecto para acompa\u00f1ar tapas, pastas o reuniones informales donde lo importante es compartir buenos momentos.\" \/>\n<meta property=\"og:url\" content=\"https:\/\/inaki.depimtajamar.es\/index.php\/producto\/vino-comportillo\/\" \/>\n<meta property=\"og:site_name\" content=\"Bodegas Iribarren\" \/>\n<meta property=\"og:image\" content=\"https:\/\/inaki.depimtajamar.es\/wp-content\/uploads\/2026\/02\/vino-mercadona.png\" \/>\n\t<meta property=\"og:image:width\" content=\"434\" \/>\n\t<meta property=\"og:image:height\" content=\"438\" \/>\n\t<meta property=\"og:image:type\" content=\"image\/png\" \/>\n<meta name=\"twitter:card\" content=\"summary_large_image\" \/>\n<meta name=\"twitter:label1\" content=\"Tiempo de lectura\" \/>\n\t<meta name=\"twitter:data1\" content=\"1 minuto\" \/>\n<script type=\"application\/ld+json\" class=\"yoast-schema-graph\">{\"@context\":\"https:\\\/\\\/schema.org\",\"@graph\":[{\"@type\":\"WebPage\",\"@id\":\"https:\\\/\\\/inaki.depimtajamar.es\\\/index.php\\\/producto\\\/vino-comportillo\\\/\",\"url\":\"https:\\\/\\\/inaki.depimtajamar.es\\\/index.php\\\/producto\\\/vino-comportillo\\\/\",\"name\":\"Vino Comportillo - Bodegas Iribarren\",\"isPartOf\":{\"@id\":\"https:\\\/\\\/inaki.depimtajamar.es\\\/#website\"},\"primaryImageOfPage\":{\"@id\":\"https:\\\/\\\/inaki.depimtajamar.es\\\/index.php\\\/producto\\\/vino-comportillo\\\/#primaryimage\"},\"image\":{\"@id\":\"https:\\\/\\\/inaki.depimtajamar.es\\\/index.php\\\/producto\\\/vino-comportillo\\\/#primaryimage\"},\"thumbnailUrl\":\"https:\\\/\\\/inaki.depimtajamar.es\\\/wp-content\\\/uploads\\\/2026\\\/02\\\/vino-mercadona.png\",\"datePublished\":\"2026-02-23T12:37:10+00:00\",\"breadcrumb\":{\"@id\":\"https:\\\/\\\/inaki.depimtajamar.es\\\/index.php\\\/producto\\\/vino-comportillo\\\/#breadcrumb\"},\"inLanguage\":\"es\",\"potentialAction\":[{\"@type\":\"ReadAction\",\"target\":[\"https:\\\/\\\/inaki.depimtajamar.es\\\/index.php\\\/producto\\\/vino-comportillo\\\/\"]}]},{\"@type\":\"ImageObject\",\"inLanguage\":\"es\",\"@id\":\"https:\\\/\\\/inaki.depimtajamar.es\\\/index.php\\\/producto\\\/vino-comportillo\\\/#primaryimage\",\"url\":\"https:\\\/\\\/inaki.depimtajamar.es\\\/wp-content\\\/uploads\\\/2026\\\/02\\\/vino-mercadona.png\",\"contentUrl\":\"https:\\\/\\\/inaki.depimtajamar.es\\\/wp-content\\\/uploads\\\/2026\\\/02\\\/vino-mercadona.png\",\"width\":434,\"height\":438},{\"@type\":\"BreadcrumbList\",\"@id\":\"https:\\\/\\\/inaki.depimtajamar.es\\\/index.php\\\/producto\\\/vino-comportillo\\\/#breadcrumb\",\"itemListElement\":[{\"@type\":\"ListItem\",\"position\":1,\"name\":\"Portada\",\"item\":\"https:\\\/\\\/inaki.depimtajamar.es\\\/\"},{\"@type\":\"ListItem\",\"position\":2,\"name\":\"Productos\",\"item\":\"https:\\\/\\\/inaki.depimtajamar.es\\\/index.php\\\/shop\\\/\"},{\"@type\":\"ListItem\",\"position\":3,\"name\":\"Vino Comportillo\"}]},{\"@type\":\"WebSite\",\"@id\":\"https:\\\/\\\/inaki.depimtajamar.es\\\/#website\",\"url\":\"https:\\\/\\\/inaki.depimtajamar.es\\\/\",\"name\":\"Bodegas Iribarren\",\"description\":\"P\u00e1gina oficial de las Bodegas Iribarren\",\"potentialAction\":[{\"@type\":\"SearchAction\",\"target\":{\"@type\":\"EntryPoint\",\"urlTemplate\":\"https:\\\/\\\/inaki.depimtajamar.es\\\/?s={search_term_string}\"},\"query-input\":{\"@type\":\"PropertyValueSpecification\",\"valueRequired\":true,\"valueName\":\"search_term_string\"}}],\"inLanguage\":\"es\"}]}<\/script>\n<!-- \/ Yoast SEO plugin. -->","yoast_head_json":{"title":"Vino Comportillo - Bodegas Iribarren","robots":{"index":"index","follow":"follow","max-snippet":"max-snippet:-1","max-image-preview":"max-image-preview:large","max-video-preview":"max-video-preview:-1"},"canonical":"https:\/\/inaki.depimtajamar.es\/index.php\/producto\/vino-comportillo\/","og_locale":"es_ES","og_type":"article","og_title":"Vino Comportillo - Bodegas Iribarren","og_description":"COMPORTILLO es la versi\u00f3n m\u00e1s amable y fresca de Bodegas Iribarren. De color rojo rub\u00ed brillante, ofrece aromas delicados de frutos rojos frescos con ligeros matices florales. En boca es suave, ligero y equilibrado, con taninos redondos y un paso agradable que lo hace especialmente f\u00e1cil de disfrutar. Un vino vers\u00e1til y cercano, perfecto para acompa\u00f1ar tapas, pastas o reuniones informales donde lo importante es compartir buenos momentos.","og_url":"https:\/\/inaki.depimtajamar.es\/index.php\/producto\/vino-comportillo\/","og_site_name":"Bodegas Iribarren","og_image":[{"width":434,"height":438,"url":"https:\/\/inaki.depimtajamar.es\/wp-content\/uploads\/2026\/02\/vino-mercadona.png","type":"image\/png"}],"twitter_card":"summary_large_image","twitter_misc":{"Tiempo de lectura":"1 minuto"},"schema":{"@context":"https:\/\/schema.org","@graph":[{"@type":"WebPage","@id":"https:\/\/inaki.depimtajamar.es\/index.php\/producto\/vino-comportillo\/","url":"https:\/\/inaki.depimtajamar.es\/index.php\/producto\/vino-comportillo\/","name":"Vino Comportillo - Bodegas Iribarren","isPartOf":{"@id":"https:\/\/inaki.depimtajamar.es\/#website"},"primaryImageOfPage":{"@id":"https:\/\/inaki.depimtajamar.es\/index.php\/producto\/vino-comportillo\/#primaryimage"},"image":{"@id":"https:\/\/inaki.depimtajamar.es\/index.php\/producto\/vino-comportillo\/#primaryimage"},"thumbnailUrl":"https:\/\/inaki.depimtajamar.es\/wp-content\/uploads\/2026\/02\/vino-mercadona.png","datePublished":"2026-02-23T12:37:10+00:00","breadcrumb":{"@id":"https:\/\/inaki.depimtajamar.es\/index.php\/producto\/vino-comportillo\/#breadcrumb"},"inLanguage":"es","potentialAction":[{"@type":"ReadAction","target":["https:\/\/inaki.depimtajamar.es\/index.php\/producto\/vino-comportillo\/"]}]},{"@type":"ImageObject","inLanguage":"es","@id":"https:\/\/inaki.depimtajamar.es\/index.php\/producto\/vino-comportillo\/#primaryimage","url":"https:\/\/inaki.depimtajamar.es\/wp-content\/uploads\/2026\/02\/vino-mercadona.png","contentUrl":"https:\/\/inaki.depimtajamar.es\/wp-content\/uploads\/2026\/02\/vino-mercadona.png","width":434,"height":438},{"@type":"BreadcrumbList","@id":"https:\/\/inaki.depimtajamar.es\/index.php\/producto\/vino-comportillo\/#breadcrumb","itemListElement":[{"@type":"ListItem","position":1,"name":"Portada","item":"https:\/\/inaki.depimtajamar.es\/"},{"@type":"ListItem","position":2,"name":"Productos","item":"https:\/\/inaki.depimtajamar.es\/index.php\/shop\/"},{"@type":"ListItem","position":3,"name":"Vino Comportillo"}]},{"@type":"WebSite","@id":"https:\/\/inaki.depimtajamar.es\/#website","url":"https:\/\/inaki.depimtajamar.es\/","name":"Bodegas Iribarren","description":"P\u00e1gina oficial de las Bodegas Iribarren","potentialAction":[{"@type":"SearchAction","target":{"@type":"EntryPoint","urlTemplate":"https:\/\/inaki.depimtajamar.es\/?s={search_term_string}"},"query-input":{"@type":"PropertyValueSpecification","valueRequired":true,"valueName":"search_term_string"}}],"inLanguage":"es"}]}},"jetpack_sharing_enabled":true,"_links":{"self":[{"href":"https:\/\/inaki.depimtajamar.es\/index.php\/wp-json\/wp\/v2\/product\/341","targetHints":{"allow":["GET"]}}],"collection":[{"href":"https:\/\/inaki.depimtajamar.es\/index.php\/wp-json\/wp\/v2\/product"}],"about":[{"href":"https:\/\/inaki.depimtajamar.es\/index.php\/wp-json\/wp\/v2\/types\/product"}],"replies":[{"embeddable":true,"href":"https:\/\/inaki.depimtajamar.es\/index.php\/wp-json\/wp\/v2\/comments?post=341"}],"wp:featuredmedia":[{"embeddable":true,"href":"https:\/\/inaki.depimtajamar.es\/index.php\/wp-json\/wp\/v2\/media\/342"}],"wp:attachment":[{"href":"https:\/\/inaki.depimtajamar.es\/index.php\/wp-json\/wp\/v2\/media?parent=341"}],"wp:term":[{"taxonomy":"product_brand","embeddable":true,"href":"https:\/\/inaki.depimtajamar.es\/index.php\/wp-json\/wp\/v2\/product_brand?post=341"},{"taxonomy":"product_cat","embeddable":true,"href":"https:\/\/inaki.depimtajamar.es\/index.php\/wp-json\/wp\/v2\/product_cat?post=341"},{"taxonomy":"product_tag","embeddable":true,"href":"https:\/\/inaki.depimtajamar.es\/index.php\/wp-json\/wp\/v2\/product_tag?post=341"}],"curies":[{"name":"wp","href":"https:\/\/api.w.org\/{rel}","templated":true}]}}